{"id":1643,"date":"2019-05-08T14:02:08","date_gmt":"2019-05-08T14:02:08","guid":{"rendered":"https:\/\/munialtoselvaalegre.gob.pe\/mdasa\/?page_id=1643"},"modified":"2020-11-10T20:09:47","modified_gmt":"2020-11-10T20:09:47","slug":"historia","status":"publish","type":"page","link":"https:\/\/munialtoselvaalegre.gob.pe\/mdasa\/historia\/","title":{"rendered":"Historia"},"content":{"rendered":"\t\t<div data-elementor-type=\"wp-post\" data-elementor-id=\"1643\" class=\"elementor elementor-1643\" data-elementor-post-type=\"page\">\n\t\t\t\t\t\t<section class=\"has_eae_slider elementor-section elementor-top-section elementor-element elementor-element-1cec91c elementor-section-boxed elementor-section-height-default elementor-section-height-default\" data-eae-slider=\"65680\" data-id=\"1cec91c\" data-element_type=\"section\" data-settings=\"{&quot;background_background&quot;:&quot;classic&quot;}\">\n\t\t\t\t\t\t<div class=\"elementor-container elementor-column-gap-default\">\n\t\t\t\t\t<div class=\"has_eae_slider elementor-column elementor-col-100 elementor-top-column elementor-element elementor-element-d2963c9\" data-eae-slider=\"61590\" data-id=\"d2963c9\" data-element_type=\"column\">\n\t\t\t<div class=\"elementor-widget-wrap elementor-element-populated\">\n\t\t\t\t\t\t<div class=\"elementor-element elementor-element-7c40bb6 elementor-widget elementor-widget-e_image_hover_effects\" data-id=\"7c40bb6\" data-element_type=\"widget\" data-widget_type=\"e_image_hover_effects.default\">\n\t\t\t\t<div class=\"elementor-widget-container\">\n\t\t\t\t\t\t\t\t<div class=\"eihe-box eihe-fade-in-up eihe_\">\n\t\t\t\t<img fetchpriority=\"high\" decoding=\"async\" width=\"1468\" height=\"287\" src=\"https:\/\/munialtoselvaalegre.gob.pe\/mdasa\/wp-content\/uploads\/2019\/06\/municipal-mdasa.png\" class=\"attachment-full size-full wp-image-2467\" alt=\"\" srcset=\"https:\/\/munialtoselvaalegre.gob.pe\/mdasa\/wp-content\/uploads\/2019\/06\/municipal-mdasa.png 1468w, https:\/\/munialtoselvaalegre.gob.pe\/mdasa\/wp-content\/uploads\/2019\/06\/municipal-mdasa-300x59.png 300w, https:\/\/munialtoselvaalegre.gob.pe\/mdasa\/wp-content\/uploads\/2019\/06\/municipal-mdasa-768x150.png 768w, https:\/\/munialtoselvaalegre.gob.pe\/mdasa\/wp-content\/uploads\/2019\/06\/municipal-mdasa-1024x200.png 1024w, https:\/\/munialtoselvaalegre.gob.pe\/mdasa\/wp-content\/uploads\/2019\/06\/municipal-mdasa-350x68.png 350w\" sizes=\"(max-width: 1468px) 100vw, 1468px\" \/>\t\t\t\t<div class=\"eihe-caption\">\n\t\t\t\t\t<div class=\"eihe-title-cover\">\n\t\t\t\t\t\t\t\t\t\t\t\t<h3 class=\"eihe-title\">Palacio Municipal<\/h3>\n\t\t\t\t\t\t\t\t\t\t\t<\/div>\n\t\t\t\t\t<p>Alto Selva Alegre<\/p>\n\t\t\t\t<\/div>\n\t\t\t<\/div>\n\t\t\t\t\t\t<\/div>\n\t\t\t\t<\/div>\n\t\t\t\t\t<\/div>\n\t\t<\/div>\n\t\t\t\t\t<\/div>\n\t\t<\/section>\n\t\t\t\t<section class=\"has_eae_slider elementor-section elementor-top-section elementor-element elementor-element-ae23eaa elementor-section-boxed elementor-section-height-default elementor-section-height-default\" data-eae-slider=\"17217\" data-id=\"ae23eaa\" data-element_type=\"section\">\n\t\t\t\t\t\t<div class=\"elementor-container elementor-column-gap-default\">\n\t\t\t\t\t<div class=\"has_eae_slider elementor-column elementor-col-100 elementor-top-column elementor-element elementor-element-0c9a758\" data-eae-slider=\"72033\" data-id=\"0c9a758\" data-element_type=\"column\">\n\t\t\t<div class=\"elementor-widget-wrap elementor-element-populated\">\n\t\t\t\t\t\t<div class=\"elementor-element elementor-element-2280fb0 elementor-widget elementor-widget-text-editor\" data-id=\"2280fb0\" data-element_type=\"widget\" data-widget_type=\"text-editor.default\">\n\t\t\t\t<div class=\"elementor-widget-container\">\n\t\t\t\t\t\t\t\t\t<p>Fue fundado como Urbanizaci\u00f3n \u00abAlto de la Selva Alegre\u00bb por un grupo de personas, entre ellos, Alejandro Pareja Bueno, Miguel Escalante Vela y Augusto Rivera Bueno, el 13 de abril de 1947. Es un distrito ubicado entre el Centro Hist\u00f3rico y el Volc\u00e1n \u00abMisti\u00bb, separado de Cayma por el R\u00edo \u00abChili\u00bb y tambi\u00e9n separado de Miraflores por la torrentera. El distrito en forma delgada, como una torre de cabeza, fue creado mediante<span style=\"color: #0000ff;\">\u00a0<a style=\"color: #0000ff;\" href=\"..\/..\/transparencia\/datos_generales\/normas\/decretoley_25849.pdf\">Decreto de Ley No. 25849<\/a>\u00a0<\/span>del 06 de noviembre de 1992, en el gobierno del Presidente Alberto Fujimori.<\/p>\n<p>Selva Alegre tiene diferentes facetas en el desarrollo de su historia, actualmente esta formado por cuatro sectores definidos, como son:<\/p>\n<ul>\n\t<li>El sector Gr\u00e1ficos y parte baja de Selva Alegre<\/li>\n\t<li>El sector de la Parte Alta de Selva Alegre<\/li>\n\t<li>El sector de Independencia<\/li>\n\t<li>El sector de. Pampas de Polanco<\/li>\n<\/ul>\n<p>As\u00ed cada una ha tenido sus particularidades de crecimiento urbano en el tiempo, han hecho de Selva Alegre un distrito rico en la diversidad de actividades que desarrolla como distrito. Teniendo en cuenta lo anterior vamos a comprender mejor la historia de Selva Alegre, que a continuaci\u00f3n se relata.<\/p>\n<p>Selva Alegre se desenvuelve en un proceso colonizador complejo, y aproximadamente en el a\u00f1o de 1940, se hallaba habitada la parte baja del distrito, dicha urbanizaci\u00f3n fue iniciada por una junta de vecinos en el sector que en la actualidad es el Parque 1ro de Mayo, a efectos de lograr un techo propio, poblaron dicho sector fundando como asentamiento la Urbanizaci\u00f3n Alto selva Alegre, impulsando su reconocimiento y dotaci\u00f3n de servicios b\u00e1sicos.<\/p>\n<p>Progresivamente al incremento poblacional, se fueron poblando lugares aleda\u00f1os del establecido centro; en 1949 se funda una de las urbanizaciones m\u00e1s importantes de la nueva jurisdicci\u00f3n, la Urbanizaci\u00f3n Gr\u00e1ficos, inicialmente denominada Urbanizaci\u00f3n Gr\u00e1fica Arequipa, debido a que sus fundadores pertenec\u00edan al sindicato de la Uni\u00f3n Gr\u00e1fica Arequipa (U.G.A.). Asimismo en el a\u00f1o de 1960 (13 de enero) un grupo de vecinos todos ellos del barrio de San L\u00e1zaro afectados por los terremotos de 1958 y 1960, ocupan los terrenos del entonces campo deportivo \u201cSan Marcos\u201d ubicado en la cabecera del barrio y frente al hotel de turistas de Selva Alegre. Aqu\u00ed se recibi\u00f3 ayuda con carpas y medicina de las autoridades y de la se\u00f1ora Clorinda M\u00e1laga de Prado. En una magna asamblea de todos los moradores del campamento se procede a formar una asociaci\u00f3n con la finalidad de solicitar un mejor apoyo a las autoridades para la consecuci\u00f3n de una vivienda propia.<\/p>\t\t\t\t\t\t\t\t<\/div>\n\t\t\t\t<\/div>\n\t\t\t\t\t<\/div>\n\t\t<\/div>\n\t\t\t\t\t<\/div>\n\t\t<\/section>\n\t\t\t\t<section class=\"has_eae_slider elementor-section elementor-top-section elementor-element elementor-element-cba5ff5 elementor-section-boxed elementor-section-height-default elementor-section-height-default\" data-eae-slider=\"81964\" data-id=\"cba5ff5\" data-element_type=\"section\">\n\t\t\t\t\t\t<div class=\"elementor-container elementor-column-gap-default\">\n\t\t\t\t\t<div class=\"has_eae_slider elementor-column elementor-col-100 elementor-top-column elementor-element elementor-element-897af68\" data-eae-slider=\"70810\" data-id=\"897af68\" data-element_type=\"column\">\n\t\t\t<div class=\"elementor-widget-wrap elementor-element-populated\">\n\t\t\t\t\t\t<div class=\"elementor-element elementor-element-d77cd24 elementor-widget elementor-widget-spacer\" data-id=\"d77cd24\" data-element_type=\"widget\" data-widget_type=\"spacer.default\">\n\t\t\t\t<div class=\"elementor-widget-container\">\n\t\t\t\t\t\t\t<div class=\"elementor-spacer\">\n\t\t\t<div class=\"elementor-spacer-inner\"><\/div>\n\t\t<\/div>\n\t\t\t\t\t\t<\/div>\n\t\t\t\t<\/div>\n\t\t\t\t\t<\/div>\n\t\t<\/div>\n\t\t\t\t\t<\/div>\n\t\t<\/section>\n\t\t\t\t<\/div>\n\t\t","protected":false},"excerpt":{"rendered":"<p>Palacio Municipal Alto Selva Alegre Fue fundado como Urbanizaci\u00f3n \u00abAlto de la Selva Alegre\u00bb por un grupo de personas, entre ellos, Alejandro Pareja Bueno, Miguel Escalante Vela y Augusto Rivera Bueno, el 13 de abril de 1947. Es un distrito ubicado entre el Centro Hist\u00f3rico y el Volc\u00e1n \u00abMisti\u00bb, separado de Cayma por el R\u00edo [&hellip;]<\/p>\n","protected":false},"author":1,"featured_media":0,"parent":0,"menu_order":0,"comment_status":"closed","ping_status":"closed","template":"","meta":{"footnotes":""},"class_list":["post-1643","page","type-page","status-publish","czr-hentry"],"_links":{"self":[{"href":"https:\/\/munialtoselvaalegre.gob.pe\/mdasa\/wp-json\/wp\/v2\/pages\/1643"}],"collection":[{"href":"https:\/\/munialtoselvaalegre.gob.pe\/mdasa\/wp-json\/wp\/v2\/pages"}],"about":[{"href":"https:\/\/munialtoselvaalegre.gob.pe\/mdasa\/wp-json\/wp\/v2\/types\/page"}],"author":[{"embeddable":true,"href":"https:\/\/munialtoselvaalegre.gob.pe\/mdasa\/wp-json\/wp\/v2\/users\/1"}],"replies":[{"embeddable":true,"href":"https:\/\/munialtoselvaalegre.gob.pe\/mdasa\/wp-json\/wp\/v2\/comments?post=1643"}],"version-history":[{"count":5,"href":"https:\/\/munialtoselvaalegre.gob.pe\/mdasa\/wp-json\/wp\/v2\/pages\/1643\/revisions"}],"predecessor-version":[{"id":7128,"href":"https:\/\/munialtoselvaalegre.gob.pe\/mdasa\/wp-json\/wp\/v2\/pages\/1643\/revisions\/7128"}],"wp:attachment":[{"href":"https:\/\/munialtoselvaalegre.gob.pe\/mdasa\/wp-json\/wp\/v2\/media?parent=1643"}],"curies":[{"name":"wp","href":"https:\/\/api.w.org\/{rel}","templated":true}]}}