{"id":2600,"date":"2019-06-14T18:18:15","date_gmt":"2019-06-14T18:18:15","guid":{"rendered":"https:\/\/munialtoselvaalegre.gob.pe\/mdasa\/?page_id=2600"},"modified":"2024-01-11T15:45:21","modified_gmt":"2024-01-11T15:45:21","slug":"vaso-de-leche","status":"publish","type":"page","link":"https:\/\/munialtoselvaalegre.gob.pe\/mdasa\/vaso-de-leche\/","title":{"rendered":"VASO DE LECHE"},"content":{"rendered":"\t\t<div data-elementor-type=\"wp-post\" data-elementor-id=\"2600\" class=\"elementor elementor-2600\" data-elementor-post-type=\"page\">\n\t\t\t\t\t\t<section class=\"has_eae_slider elementor-section elementor-top-section elementor-element elementor-element-1047c35 elementor-section-boxed elementor-section-height-default elementor-section-height-default\" data-eae-slider=\"99778\" data-id=\"1047c35\" data-element_type=\"section\">\n\t\t\t\t\t\t<div class=\"elementor-container elementor-column-gap-default\">\n\t\t\t\t\t<div class=\"has_eae_slider elementor-column elementor-col-100 elementor-top-column elementor-element elementor-element-f9e4e04\" data-eae-slider=\"48967\" data-id=\"f9e4e04\" data-element_type=\"column\">\n\t\t\t<div class=\"elementor-widget-wrap elementor-element-populated\">\n\t\t\t\t\t\t<div class=\"elementor-element elementor-element-64c356c elementor-widget elementor-widget-html\" data-id=\"64c356c\" data-element_type=\"widget\" data-widget_type=\"html.default\">\n\t\t\t\t<div class=\"elementor-widget-container\">\n\t\t\t\t\t<div align=\"justify\" style=\"line-height: 1.1;\"> <span style=\"font-size: 12pt;\">Los interesados en inscribirse al Programa Asistencial del Vaso de Leche, tendran que llenar una Solicitud de inscripci\u00f3n y anexar los siguientes documentos:\n<\/span>\n<p><\/p>\n<table>\n    <tbody style=\"font-size: 12pt;\">\n       \n        <tr>\n            <td>\n                <b><ul>\n                <li >Requisitos Ni\u00f1os entre 0 y 6 a\u00f1os de edad<\/li>\n                <\/ul><\/b>\n            \n            <\/td>\n            <td><ul>\n                <li type=\"circle\">Ficha SISFOH con clasificaci\u00f3n socioeconomica de POBRE o POBRE Extremo<\/li>\n                <li type=\"circle\">Copia de los DNIs de la madre, padre o apoderado<\/li>\n                <li type=\"circle\">Copia de los DNIs de los ni\u00f1os (entre 0 y 6 a\u00f1os)<\/li>\n                <li type=\"circle\">Copia de recibo de agua o luz<\/li>\n                <li type=\"circle\">Copia de Carnet de Crecimiento y Desarrollo<\/li>\n                <li type=\"circle\">Tamizaje de Hemoglobina<\/li>\n                <li type=\"circle\">Solicitud de inscripci\u00f3n<\/li>\n                <\/ul><\/td>\n        <\/tr>\n        <tr>\n            <td><b><ul>\n                <li >Requisitos Mujeres en periodo de gestaci\u00f3n<\/li>\n                <\/ul><\/b><\/td>\n            <td><ul>\n                <li type=\"circle\">Ficha SISFOH con clasificaci\u00f3n socioeconomica de POBRE o POBRE Extremo<\/li>\n                <li type=\"circle\">Copia de los DNIs de la madre<\/li>\n                <li type=\"circle\">Copia de recibo de agua o luz<\/li>\n                <li type=\"circle\">Copia de Carnet de Control Gestacional<\/li>\n                <li type=\"circle\">Solicitud de inscripci\u00f3n<\/li>\n                <\/ul><\/td>\n        <\/tr>\n        <tr>\n            <td><b><ul>\n                <li >Requisitos Adulto Mayor<\/li>\n                <\/ul><\/b><\/td>\n            <td><ul>\n                <li type=\"circle\">Ficha SISFOH con clasificaci\u00f3n socioeconomica de POBRE o POBRE Extremo<\/li>\n                <li type=\"circle\">Copia de DNI <\/li>\n                <li type=\"circle\">Copia de recibo de agua o luz<\/li>\n                <li type=\"circle\">Adjuntar croquis de hogar<\/li>\n                <li type=\"circle\">Solicitud de inscripci\u00f3n dirigida al Alcalde<\/li>\n                <\/ul><\/td>\n        <\/tr>\n        <tr>\n            <td><b><ul>\n                <li >Del Resutado de la Solicitud<\/li>\n                <\/ul><\/b><\/td>\n            <td><ul>\n                <li type=\"circle\">El solicitante tedra que presentar la documentacion por Mesa de Partes y luego de 5 dias h\u00e1biles apersonarse a la Subgerencia de Programas Sociales<\/li><\/ul><\/td>\n        <\/tr>\n        \n    <\/tbody>\n<\/table>\n\n\n\t\t\t\t\n   \n<\/div>\n\n\t\t\t\t<\/div>\n\t\t\t\t<\/div>\n\t\t\t\t\t<\/div>\n\t\t<\/div>\n\t\t\t\t\t<\/div>\n\t\t<\/section>\n\t\t\t\t<section class=\"has_eae_slider elementor-section elementor-top-section elementor-element elementor-element-0690be5 elementor-section-boxed elementor-section-height-default elementor-section-height-default\" data-eae-slider=\"85891\" data-id=\"0690be5\" data-element_type=\"section\">\n\t\t\t\t\t\t<div class=\"elementor-container elementor-column-gap-default\">\n\t\t\t\t\t<div class=\"has_eae_slider elementor-column elementor-col-100 elementor-top-column elementor-element elementor-element-f624e20\" data-eae-slider=\"38501\" data-id=\"f624e20\" data-element_type=\"column\">\n\t\t\t<div class=\"elementor-widget-wrap elementor-element-populated\">\n\t\t\t\t\t\t<div class=\"elementor-element elementor-element-d048264 elementor-widget elementor-widget-html\" data-id=\"d048264\" data-element_type=\"widget\" data-widget_type=\"html.default\">\n\t\t\t\t<div class=\"elementor-widget-container\">\n\t\t\t\t\t<div align=\"justify\">\r\n    <!--<div align=\"justify\" style=\"line-height: 1.1;\"> <span style=\"font-size: 11pt;\">Cualquier consulta y\/o infomacion comunicarse al siguiente numero de telefono: 991317700 de Lunes a Viernes de 09:00 am a 03:00 pm. <\/span><\/div>-->\r\n<div style=\"font-weight: bold; text-align: -webkit-left;\"><span style=\"font-size: 12pt;\">PRIMERA PRIORIDAD:<\/span><\/div>\r\n\r\n<ul style=\"font-size: 12pt;\">\r\n\t<li type=\"disc\">Ni\u00f1os 0-6 a\u00f1os<\/li>\r\n\t<li type=\"disc\">Madres gestantes adjuntando su carnet de control gestacional y<\/li>\r\n\t<li type=\"disc\">Madres en periodo de lactancia<\/li>\r\n<\/ul>\r\n<center style=\"font-size: 12pt;\"><u><b> MUNICIPALIDAD BENEFICIARA SEG\u00daN CORRESPONDA A LA POBLACION EN SITUACION DE POBREZA Y EXTREMA POBREZA<\/b><\/u><\/center>\r\n<div align=\"left\"><span style=\"font-size: 12pt;\"><b >CONFORMACI\u00d3N DE LA RACI\u00d3N:<\/b><\/span><\/div>\r\n<div align=\"justify\"><span style=\"font-size: 12pt;\">Se <strong>atiende solo 2000 raciones<\/strong> a los principales potenciales beneficiarios, la misma est\u00e1 conformada de la siguiente manera:<\/span><\/div>\r\n<ul style=\"font-size: 12pt;\">\r\n\t<li type=\"disc\">04 Latas de Leche evaporada entera<\/li>\r\n\t<li type=\"disc\">01 Bls. de Hojuela de Cereales pre cocidos de 1,100 kg.<\/li>\r\n\t<li type=\"disc\">01 Bls. de Alimento enriquecido L\u00e1cteo de 400 Gr.<\/li>\r\n<\/ul>\r\n<\/div>\t\t\t\t<\/div>\n\t\t\t\t<\/div>\n\t\t\t\t\t<\/div>\n\t\t<\/div>\n\t\t\t\t\t<\/div>\n\t\t<\/section>\n\t\t\t\t<section class=\"has_eae_slider elementor-section elementor-top-section elementor-element elementor-element-56a9606 elementor-section-boxed elementor-section-height-default elementor-section-height-default\" data-eae-slider=\"78543\" data-id=\"56a9606\" data-element_type=\"section\">\n\t\t\t\t\t\t<div class=\"elementor-container elementor-column-gap-default\">\n\t\t\t\t\t<div class=\"has_eae_slider elementor-column elementor-col-100 elementor-top-column elementor-element elementor-element-2bc5887\" data-eae-slider=\"27179\" data-id=\"2bc5887\" data-element_type=\"column\">\n\t\t\t<div class=\"elementor-widget-wrap elementor-element-populated\">\n\t\t\t\t\t\t<div class=\"elementor-element elementor-element-3132257 elementor-widget-divider--view-line elementor-widget elementor-widget-divider\" data-id=\"3132257\" data-element_type=\"widget\" data-widget_type=\"divider.default\">\n\t\t\t\t<div class=\"elementor-widget-container\">\n\t\t\t\t\t\t\t<div class=\"elementor-divider\">\n\t\t\t<span class=\"elementor-divider-separator\">\n\t\t\t\t\t\t<\/span>\n\t\t<\/div>\n\t\t\t\t\t\t<\/div>\n\t\t\t\t<\/div>\n\t\t\t\t\t<\/div>\n\t\t<\/div>\n\t\t\t\t\t<\/div>\n\t\t<\/section>\n\t\t\t\t<\/div>\n\t\t","protected":false},"excerpt":{"rendered":"<p>Los interesados en inscribirse al Programa Asistencial del Vaso de Leche, tendran que llenar una Solicitud de inscripci\u00f3n y anexar los siguientes documentos: Requisitos Ni\u00f1os entre 0 y 6 a\u00f1os de edad Ficha SISFOH con clasificaci\u00f3n socioeconomica de POBRE o POBRE Extremo Copia de los DNIs de la madre, padre o apoderado Copia de los [&hellip;]<\/p>\n","protected":false},"author":1,"featured_media":0,"parent":0,"menu_order":0,"comment_status":"closed","ping_status":"closed","template":"","meta":{"footnotes":""},"class_list":["post-2600","page","type-page","status-publish","czr-hentry"],"_links":{"self":[{"href":"https:\/\/munialtoselvaalegre.gob.pe\/mdasa\/wp-json\/wp\/v2\/pages\/2600"}],"collection":[{"href":"https:\/\/munialtoselvaalegre.gob.pe\/mdasa\/wp-json\/wp\/v2\/pages"}],"about":[{"href":"https:\/\/munialtoselvaalegre.gob.pe\/mdasa\/wp-json\/wp\/v2\/types\/page"}],"author":[{"embeddable":true,"href":"https:\/\/munialtoselvaalegre.gob.pe\/mdasa\/wp-json\/wp\/v2\/users\/1"}],"replies":[{"embeddable":true,"href":"https:\/\/munialtoselvaalegre.gob.pe\/mdasa\/wp-json\/wp\/v2\/comments?post=2600"}],"version-history":[{"count":52,"href":"https:\/\/munialtoselvaalegre.gob.pe\/mdasa\/wp-json\/wp\/v2\/pages\/2600\/revisions"}],"predecessor-version":[{"id":10748,"href":"https:\/\/munialtoselvaalegre.gob.pe\/mdasa\/wp-json\/wp\/v2\/pages\/2600\/revisions\/10748"}],"wp:attachment":[{"href":"https:\/\/munialtoselvaalegre.gob.pe\/mdasa\/wp-json\/wp\/v2\/media?parent=2600"}],"curies":[{"name":"wp","href":"https:\/\/api.w.org\/{rel}","templated":true}]}}